{"id":7883,"date":"2024-12-30T15:27:49","date_gmt":"2024-12-30T19:27:49","guid":{"rendered":"https:\/\/innovabolivia.com\/?post_type=product&#038;p=7883"},"modified":"2026-02-10T09:06:25","modified_gmt":"2026-02-10T13:06:25","slug":"grp2602p","status":"publish","type":"product","link":"https:\/\/innovabolivia.com\/index.php\/producto\/grp2602p\/","title":{"rendered":"GRP2602P"},"content":{"rendered":"<p>El GRP2602, que forma parte de la serie GRP de tel\u00e9fonos IP de nivel de operador, es un modelo esencial de 2 l\u00edneas dise\u00f1ado<br \/>\ncon aprovisionamiento sin intervenci\u00f3n para una implementaci\u00f3n masiva y una gesti\u00f3n sencilla. Cuenta con un dise\u00f1o elegante<br \/>\ny un conjunto de funciones de \u00faltima generaci\u00f3n que incluyen compatibilidad con Wi-Fi 6 , conferencias de voz<br \/>\nde 5 v\u00edas para maximizar la productividad, PoE integrado, audio Full HD tanto en el altavoz como en<br \/>\nel auricular para permitir que los usuarios se comuniquen con la m\u00e1xima claridad. Compatibilidad con EHS para auriculares<br \/>\nPlantronics, Jabra y Sennheiser y compatibilidad con varios idiomas. La serie GRP incluye funciones de seguridad de nivel<br \/>\nde operador para proporcionar seguridad de nivel empresarial, incluido arranque seguro, im\u00e1genes de firmware duales y<br \/>\nalmacenamiento de datos cifrados. Para el aprovisionamiento en la nube y la gesti\u00f3n centralizada, el GRP2602 cuenta con<br \/>\nel respaldo del sistema de gesti\u00f3n de dispositivos (GDMS) de Grandstream, que proporciona una interfaz centralizada para<br \/>\nconfigurar, aprovisionar, gestionar y supervisar las implementaciones de los dispositivos finales de Grandstream. Dise\u00f1ado<br \/>\npara las necesidades de los trabajadores en sitio, en escritorios remotos y para una f\u00e1cil implementaci\u00f3n por parte de<br \/>\nempresas, proveedores de servicios y otros mercados de gran volumen, el GRP2602 ofrece un dispositivo final de voz f\u00e1cil de<br \/>\nusar y f\u00e1cil de implementar.<\/p>\n","protected":false},"excerpt":{"rendered":"<p>El GRP2602, que forma parte de la serie GRP de tel\u00e9fonos IP de nivel de operador, es un modelo esencial de 2 l\u00edneas dise\u00f1ado con aprovisionamiento sin intervenci\u00f3n para una implementaci\u00f3n masiva y una gesti\u00f3n sencilla. Cuenta con un dise\u00f1o elegante y un conjunto de funciones de \u00faltima generaci\u00f3n que incluyen compatibilidad con Wi-Fi 6 [&hellip;]<\/p>\n","protected":false},"featured_media":7884,"comment_status":"open","ping_status":"closed","template":"","meta":[],"product_brand":[],"product_cat":[148],"product_tag":[],"class_list":{"0":"post-7883","1":"product","2":"type-product","3":"status-publish","4":"has-post-thumbnail","6":"product_cat-telefonia","7":"ts_product_brand-granstream","9":"first","10":"instock","11":"shipping-taxable","12":"product-type-simple"},"_links":{"self":[{"href":"https:\/\/innovabolivia.com\/index.php\/wp-json\/wp\/v2\/product\/7883","targetHints":{"allow":["GET"]}}],"collection":[{"href":"https:\/\/innovabolivia.com\/index.php\/wp-json\/wp\/v2\/product"}],"about":[{"href":"https:\/\/innovabolivia.com\/index.php\/wp-json\/wp\/v2\/types\/product"}],"replies":[{"embeddable":true,"href":"https:\/\/innovabolivia.com\/index.php\/wp-json\/wp\/v2\/comments?post=7883"}],"wp:featuredmedia":[{"embeddable":true,"href":"https:\/\/innovabolivia.com\/index.php\/wp-json\/wp\/v2\/media\/7884"}],"wp:attachment":[{"href":"https:\/\/innovabolivia.com\/index.php\/wp-json\/wp\/v2\/media?parent=7883"}],"wp:term":[{"taxonomy":"product_brand","embeddable":true,"href":"https:\/\/innovabolivia.com\/index.php\/wp-json\/wp\/v2\/product_brand?post=7883"},{"taxonomy":"product_cat","embeddable":true,"href":"https:\/\/innovabolivia.com\/index.php\/wp-json\/wp\/v2\/product_cat?post=7883"},{"taxonomy":"product_tag","embeddable":true,"href":"https:\/\/innovabolivia.com\/index.php\/wp-json\/wp\/v2\/product_tag?post=7883"}],"curies":[{"name":"wp","href":"https:\/\/api.w.org\/{rel}","templated":true}]}}