{"id":9058,"date":"2025-12-22T10:58:49","date_gmt":"2025-12-22T14:58:49","guid":{"rendered":"https:\/\/innovabolivia.com\/?post_type=product&#038;p=9058"},"modified":"2025-12-22T11:38:27","modified_gmt":"2025-12-22T15:38:27","slug":"camara-hdcvi-cooper-bala-2mp-metalica","status":"publish","type":"product","link":"https:\/\/innovabolivia.com\/index.php\/producto\/camara-hdcvi-cooper-bala-2mp-metalica\/","title":{"rendered":"CAMARA HDCVI COOPER BALA 2MP METALICA"},"content":{"rendered":"<p>Una c\u00e1mara HDCVI Cooper Bala 2MP met\u00e1lica, t\u00edpicamente de\u00a0<strong class=\"Yjhzub\" data-processed=\"true\"><span data-processed=\"true\">Dahua<\/span><\/strong>\u00a0(Serie Cooper),\u00a0es una soluci\u00f3n econ\u00f3mica y robusta para vigilancia, ofreciendo\u00a0resoluci\u00f3n Full HD (1080p)\u00a0con sensor de 2MP, lente fijo (ej. 2.8mm o 3.6mm), visi\u00f3n nocturna infrarroja (IR) de hasta 20-40m con Smart IR, protecci\u00f3n\u00a0IP67\u00a0para exteriores, carcasa met\u00e1lica resistente y compatibilidad con m\u00faltiples tecnolog\u00edas (HDCVI, HDTVI, AHD, CVBS), ideal para monitoreo 24\/7 con transmisi\u00f3n de video de alta calidad<\/p>\n","protected":false},"excerpt":{"rendered":"<div class=\"pro-h clear\">\n<div class=\"m-w-w e_box\">\n<div class=\"pro-txt m-l\">\n<h3><\/h3>\n<\/div>\n<\/div>\n<\/div>\n<div class=\"pro-txt-w m-w-w e_box\">\n<p class=\"Y3BBE\" data-hveid=\"CAEQAA\" data-processed=\"true\">CAMARA HDCVI COOPER BALA 2MP METALICA *DIST. IR MAX 30M *LENTE 2.8MM *CVI\/CVBS\/AHD\/TVI *IP67<\/p>\n<\/div>\n","protected":false},"featured_media":9055,"comment_status":"open","ping_status":"closed","template":"","meta":[],"product_brand":[],"product_cat":[150],"product_tag":[202,54],"class_list":{"0":"post-9058","1":"product","2":"type-product","3":"status-publish","4":"has-post-thumbnail","6":"product_cat-camaras-analogicas-videovigilancia","7":"product_tag-analogicas","8":"product_tag-camaras","9":"ts_product_brand-dahua","11":"first","12":"instock","13":"sale","14":"shipping-taxable","15":"purchasable","16":"product-type-simple"},"_links":{"self":[{"href":"https:\/\/innovabolivia.com\/index.php\/wp-json\/wp\/v2\/product\/9058","targetHints":{"allow":["GET"]}}],"collection":[{"href":"https:\/\/innovabolivia.com\/index.php\/wp-json\/wp\/v2\/product"}],"about":[{"href":"https:\/\/innovabolivia.com\/index.php\/wp-json\/wp\/v2\/types\/product"}],"replies":[{"embeddable":true,"href":"https:\/\/innovabolivia.com\/index.php\/wp-json\/wp\/v2\/comments?post=9058"}],"wp:featuredmedia":[{"embeddable":true,"href":"https:\/\/innovabolivia.com\/index.php\/wp-json\/wp\/v2\/media\/9055"}],"wp:attachment":[{"href":"https:\/\/innovabolivia.com\/index.php\/wp-json\/wp\/v2\/media?parent=9058"}],"wp:term":[{"taxonomy":"product_brand","embeddable":true,"href":"https:\/\/innovabolivia.com\/index.php\/wp-json\/wp\/v2\/product_brand?post=9058"},{"taxonomy":"product_cat","embeddable":true,"href":"https:\/\/innovabolivia.com\/index.php\/wp-json\/wp\/v2\/product_cat?post=9058"},{"taxonomy":"product_tag","embeddable":true,"href":"https:\/\/innovabolivia.com\/index.php\/wp-json\/wp\/v2\/product_tag?post=9058"}],"curies":[{"name":"wp","href":"https:\/\/api.w.org\/{rel}","templated":true}]}}