{"id":9115,"date":"2026-01-20T09:09:26","date_gmt":"2026-01-20T13:09:26","guid":{"rendered":"https:\/\/innovabolivia.com\/?post_type=product&#038;p=9115"},"modified":"2026-01-20T09:17:13","modified_gmt":"2026-01-20T13:17:13","slug":"sensor-de-movimiento-para-interiores","status":"publish","type":"product","link":"https:\/\/innovabolivia.com\/index.php\/producto\/sensor-de-movimiento-para-interiores\/","title":{"rendered":"SENSOR DE MOVIMIENTO PARA INTERIORES"},"content":{"rendered":"<p>Los sensores de movimiento para interiores de\u00a0<span data-processed=\"true\">la marca Paradox<\/span>\u00a0son\u00a0dispositivos PIR (Infrarrojo Pasivo) que detectan intrusos, ofreciendo opciones cableadas e inal\u00e1mbricas, inmunidad a mascotas (en modelos espec\u00edficos como PMD2P, NV5, DG75) y tecnolog\u00eda de doble elemento para reducir falsas alarmas. Modelos populares incluyen el PMD2P (inal\u00e1mbrico, antimascotas hasta 18kg), el NV5 (cobertura 90\u00b0, antimascotas) y el DG75\/DG85 (\u00f3ptica dual, alta inmunidad). Se integran con paneles Paradox para ofrecer seguridad fiable con gesti\u00f3n remota v\u00eda APP, detecci\u00f3n precisa y instalaci\u00f3n vers\u00e1til.<span class=\"uJ19be notranslate\" data-wiz-uids=\"cfk4ee_d\" data-processed=\"true\"><span class=\"vKEkVd\" data-animation-atomic=\"\" data-wiz-attrbind=\"class=cfk4ee_c\/TKHnVd\" data-processed=\"true\">\u00a0<\/span><\/span><\/p>\n","protected":false},"excerpt":{"rendered":"<p>TIENE LENTE H\u00cdBRIDO CIL\u00cdNDRICO-ESF\u00c9RICO, \u00c1NGULO DE VISI\u00d3N DE 90\u00b0*SIN ZONA MUERTA EN LA ESTRUCTURAS DE HACES CON EL MIRROR*NO INCLUIYE BRACKET.<\/p>\n","protected":false},"featured_media":9118,"comment_status":"open","ping_status":"closed","template":"","meta":[],"product_brand":[],"product_cat":[114,203],"product_tag":[74,204],"class_list":{"0":"post-9115","1":"product","2":"type-product","3":"status-publish","4":"has-post-thumbnail","6":"product_cat-alarmas","7":"product_cat-sensores","8":"product_tag-alarmas","9":"product_tag-sensores","10":"ts_product_brand-paradox","12":"first","13":"instock","14":"shipping-taxable","15":"product-type-simple"},"_links":{"self":[{"href":"https:\/\/innovabolivia.com\/index.php\/wp-json\/wp\/v2\/product\/9115","targetHints":{"allow":["GET"]}}],"collection":[{"href":"https:\/\/innovabolivia.com\/index.php\/wp-json\/wp\/v2\/product"}],"about":[{"href":"https:\/\/innovabolivia.com\/index.php\/wp-json\/wp\/v2\/types\/product"}],"replies":[{"embeddable":true,"href":"https:\/\/innovabolivia.com\/index.php\/wp-json\/wp\/v2\/comments?post=9115"}],"wp:featuredmedia":[{"embeddable":true,"href":"https:\/\/innovabolivia.com\/index.php\/wp-json\/wp\/v2\/media\/9118"}],"wp:attachment":[{"href":"https:\/\/innovabolivia.com\/index.php\/wp-json\/wp\/v2\/media?parent=9115"}],"wp:term":[{"taxonomy":"product_brand","embeddable":true,"href":"https:\/\/innovabolivia.com\/index.php\/wp-json\/wp\/v2\/product_brand?post=9115"},{"taxonomy":"product_cat","embeddable":true,"href":"https:\/\/innovabolivia.com\/index.php\/wp-json\/wp\/v2\/product_cat?post=9115"},{"taxonomy":"product_tag","embeddable":true,"href":"https:\/\/innovabolivia.com\/index.php\/wp-json\/wp\/v2\/product_tag?post=9115"}],"curies":[{"name":"wp","href":"https:\/\/api.w.org\/{rel}","templated":true}]}}